196/(-12). Let y(i) = 2*i + 93. Let q be y(s). What is p(q)?
-3
Let w be (-5)/(25/(-8))*-5. Suppose -k + 3*y = 5, k + y - 25 = -k. Let u(m) = -28 + 2*m + k + 13. Calculate u(w).
-21
Let h(a) = a**3 - 11*a**2 + 33*a - 33. Let w be h(7). Let m(r) be the third derivative of -1/6*r**3 + 0 + 0*r + 7*r**w - 1/24*r**4. Give m(-6).
5
Let p(o) = -23*o**2 - 16*o + 3*o - 15 + 22*o**2. Let w be (256/(-96))/((-4)/(-18)). What is p(w)?
-3
Let v be (0 + -2)*(9 + -10). Let b(n) = 5 - v - 2*n - 2. Calculate b(1).
-1
Let p(c) = c - 11. Suppose 183 = 291*y - 399. Calculate p(y).
-9
Let d(h) = h**2 - 14*h - 19. Let k(q) = 3136*q - 3122. Let x be k(1). What is d(x)?
-19
Suppose -127*i = -77 + 77. Let s(k) = k**2 - 11. What is s(i)?
-11
Let f(g) = g + 2*g - 10*g. Suppose 0*a + 5*h - 14 = -2*a, 4*h - 16 = -2*a. Let r(i) = -i**3 + 13*i**2 - 15*i + 37. Let w be r(a). Give f(w).
-7
Let t(w) = 233*w + 224 + 250*w - 477*w. What is t(-39)?
-10
Let d(z) = z**3 - 10*z**2 + z - 34. Let n be d(8). Let v = -146 - n. Let g(m) = -m**2 + 10*m - 4. What is g(v)?
12
Let n(z) = -z**3 + 6*z**2 + 5*z + 3. Let k(u) = 4*u**3 - 19*u**2 - 15*u - 9. Let w(a) = 2*k(a) + 7*n(a). Determine w(-3).
-3
Let u(n) = -2 + n - 4 + 0*n. Let r(i) be the first derivative of i**2/2 + 5*i - 26. Let g be r(-1). What is u(g)?
-2
Let k(f) = -f**3 + 11*f**2 - f + 7. Suppose -4*h + 477 = 16*j - 15*j, -4*h = -4*j - 492. Suppose h*s - 127*s = -77. Give k(s).
-4
Let o be 7*(-7 + 3 + 3). Let f be 1/2*(-4 - (o + -1)). Let p(k) = f*k + 12 - 3*k + 0*k + 3*k. Give p(-9).
-6
Let i(y) be the third derivative of -7*y**5/60 - y**4/6 - y**3/6 + 624*y**2 + 2. What is i(-4)?
-97
Let v = 123 - 114. Let s(p) = -4 + 28*p - 20*p - v*p. What is s(-7)?
3
Suppose 264 = s + 3*s + 4*q, -3*s - 4*q = -201. Let l = -69 + s. Let f(p) = -p**3 - 6*p**2 + 3. Give f(l).
3
Let q(h) be the third derivative of -h**5/30 + h**4/8 - h**3/6 - 2*h**2 - 185. Determine q(2).
-3
Let a(m) = -11*m - 25. Let n be 13/(-6) - -3*(-6)/(-108). Let v be a(n). Let y(r) = -r**2 - 2*r + 6. Give y(v).
3
Let s(p) = -27*p**2 - 41*p + 71. Let q(w) = -10*w**2 - 14*w + 25. Let j(h) = -8*q(h) + 3*s(h). What is j(-9)?
31
Let p(z) = 11*z**2 + 16*z - 180. Let l(g) = -2*g**2 + g - 3. Let x(n) = 5*l(n) + p(n). What is x(-28)?
1
Let d(z) = -62*z**2 + 2*z + 2. Let b(y) = 2*y**3 - 18*y**2 - 47*y + 32. Let a be b(11). What is d(a)?
-62
Let n(p) = -8*p + p**2 - 370 + 369 + 0*p**2 + p. Let s(y) = -y**3 + y**2 + y + 2. Let x be s(4). Let h be ((-1)/(-2))/((-3)/x). What is n(h)?
-1
Let w(k) = k**3 - k**2 + 20. Let v be -1 + (-886)/(-42) + (-344)/3612. Suppose 2*z - 4 = 12*t - 11*t, z - 5*t - v = 0. What is w(z)?
20
Let i(b) = -5*b**2 - 3*b + 10. Let a(s) be the second derivative of -11*s**4/12 - 5*s**3/6 + 21*s**2/2 + 13*s - 4. Let v(h) = -4*a(h) + 9*i(h). What is v(-7)?
6
Suppose -r + 4*z + 14 = -3*r, -3*r = 2*z + 9. Let f(d) = -7*d**3 - 4*d**2 - 5*d - 2. Give f(r).
6
Let u(f) be the second derivative of -f**5/20 + f**3/3 - f**2/2 - f. Let a be (-26)/26 - (-21 + 1/1). Suppose -a*p = -56*p - 74. Determine u(p).
3
Let f(w) = 3*w**3 + 87*w**2 - 26*w + 31. Let r(g) = -2*g**3 - 32*g**2 + 9*g - 11. Let y(o) = -3*f(o) - 8*r(o). Give y(1).
3
Suppose -57*o + 68*o - 8547 = 0. Let i(y) = 770*y + 779*y - 2320*y - 8 + o*y. What is i(2)?
4
Let o(b) = 7*b - 7. Let n(y) = 11*y - 11. Let c(d) = 5*n(d) - 8*o(d). Let u(r) = 9*r - 2. Let w(l) = -6*c(l) - u(l). Suppose -27*x - 28 = 53. Calculate w(x).
5
Let t be 4/144*4 - 53/(-9). Suppose 0 = t*u - 55 + 91. Let w(z) = z**2 + 8*z + 7. Give w(u).
-5
Let u(z) be the first derivative of -z - 161 - 17/2*z**2. Determine u(1).
-18
Let u(r) be the second derivative of -r**5/20 - r**4/2 - r**3/3 + 7*r**2/2 - r. Suppose 31*w - 9*w = -9878. Let s = -454 - w. Give u(s).
-8
Let i = -9193 + 9195. Let b(p) be the third derivative of 0*p**3 - 1/6*p**4 + 0*p + 0 - 5*p**i. Give b(3).
-12
Let p be (3/2)/((-27)/(-486)). Let r(j) = 77 - 25 + 2*j - p - 35. Calculate r(8).
6
Let b(t) be the third derivative of -t**6/120 + t**5/6 + t**4/8 - 23*t**3/6 + 424*t**2. Determine b(10).
7
Let v(x) = 3 - 35*x + 17*x + 21*x. Let u be (-42)/(-24)*(13 - 9). Give v(u).
24
Let b(y) = y + 2. Let u(h) = -h**3 - 2*h**2 - 5*h - 3. Let l be u(-1). Let d(p) = p**3 - 13*p**2 + 9*p + 3. Let n(f) = l*d(f) + 2*b(f). What is n(12)?
-5
Let x = 16751 - 16765. Let l(v) = 18*v + 256. Calculate l(x).
4
Let f(p) = 2*p. Let d be f(-1). Let m(j) be the first derivative of -5*j**2/2 - 4*j + 165169. Give m(d).
6
Let v(m) be the second derivative of -2*m**3/3 + 5*m**2 - 137*m. Let f(u) = 4*u - 10. Let i(j) = 2*f(j) + 3*v(j). What is i(5)?
-10
Let g(b) = -2*b**2 - 9*b**3 + 8*b**3 - 30 + 9*b**2 + 61 + 11*b + 39. Determine g(9).
7
Let a(i) be the first derivative of 3*i**2/2 + 2*i + 2955. Let k(t) = t**2 + 15*t - 17. Let b be k(-16). Give a(b).
-1
Let i(k) = -k**2 - 5*k + 23. Let t = 727 + -718. Suppose -3*r - t*n - 33 = -5*n, -2*r - 4*n - 26 = 0. What is i(r)?
9
Let i(x) = -6*x - 303. Let r(n) = -5*n - 211. Let b(f) = -5*i(f) + 7*r(f). Give b(2).
28
Suppose -8059 + 8005 = -6*z. Let q(l) = 2*l**3 + 10*l**2 - 7*l + 1. Let r(o) = -3*o**3 - 10*o**2 + 6*o. Let k(x) = 4*q(x) + 3*r(x). Give k(z).
-5
Let y(c) be the second derivative of -3*c**5/10 + c**4/4 + 5*c**3/6 + 5*c**2/2 - 5*c + 19. What is y(-2)?
55
Suppose -4*q + 16 = -2*c, -3*q = c - 6*q + 12. Suppose c = -i - 3*k, -i - 5*k + 3 = 5. Let h(s) = -3*s - 3*s + s**i - 5*s + 4*s + 4*s**2 - 5. Determine h(-5).
5
Let i = 62 + -28. Suppose 12*r + i = -5*r. Let q(y) = -2*y - 3. What is q(r)?
1
Let i(d) be the first derivative of -d**3/3 - 18*d**2 + 415*d - 1707. Calculate i(-45).
10
Let c(j) = -j**2 - 33*j - 113. Let u be c(-29). Let r(f) = 25 - 11*f - 2 - 10 + 11*f**2 - f**u. Give r(10).
3
Let m = -11 + 16. Suppose 5 = 2*w + m*x - 0*x, 0 = -5*w - x - 22. Let z(c) be the first derivative of c**3/3 + 2*c**2 - c - 975. Calculate z(w).
4
Let n(y) = 2*y + 24. Let v = 340 + -295. Let c be 67/(-7) + v/(-105). Calculate n(c).
4
Suppose 5*q = -4*g - 0*g + 70, -5*g + 5 = -2*q. Let j(a) = -2*a**2 - 3*a - 2*a + 4 + a**3 - 2*a**3 + q*a**2. Give j(7).
18
Suppose -237 = -36*g - 93. Let b(n) = -2*n**3 + 6*n**2 + 14*n - 24. Determine b(g).
0
Let y(s) = 79 - 631*s - 76 + 4*s**2 + 635*s + 2*s**3. Calculate y(-4).
-77
Let m = -367 - -372. Suppose -m*k - 6*k + 5*k = 0. Let r(d) = d**2 + d - 25. Determine r(k).
-25
Let m(b) = b**3 + 2*b**2 - 44*b - 6. Let x = 1223 - 1217. What is m(x)?
18
Let a(n) = -n**3 - 2*n**2 + 6*n - 9. Suppose 0 = 3180*y - 3205*y - 125. Give a(y).
36
Suppose 17*h - 616 = 6*h. Let m(t) = 2*t**2 - h - 9*t + 2*t**2 - 3*t**2 - 2*t + 64. Give m(7).
-20
Let p(v) = 2*v**2 - 4*v + 5. Let y = -18239 + 18243. Give p(y).
21
Let r(m) = 3*m + 50. Let i(o) = o + 17. Let j(v) = 2*v**2 - 6*v + 3. Let c be j(4). Let p(g) = c*i(g) - 4*r(g). Determine p(0).
-13
Suppose x + 7 - 12 = 0. Suppose x*l - g + 5 = -10, 0 = -5*l - 4*g + 10. Let a be l/(8/(-27)) - 1/(-4). Let j(b) = b**3 - 7*b**2 + 3*b - 10. Give j(a).
11
Let h = 437 + -438. Let g(a) = -17 + 4*a**3 + a**2 + 3*a**3 + 16. Give g(h).
-7
Let m = 40 - 36. Suppose 0 = -4*h - 0*h + m. Let q(a) = 2 - 12*a**2 - 1 + 12*a**2 + 4*a**2. Determine q(h).
5
Let m(j) = j**3 - 4*j**2 - 7*j + 7. Let t(h) = -10*h**2 - 2*h + 1. Let f be t(-1). Let g be 1 + (-6)/3 - (1 + f). Calculate m(g).
-3
Suppose -2*g + 4*n + 14 = -12, -4*g + 5*n = -49. Suppose 74 = g*i - 3. Let z(r) = -r**2 + 9*r - 5. Calculate z(i).
9
Let o(s) = -2366 + 0*s**2 + s**2 + 2366 + 77*s**3. What is o(-1)?
-76
Let p(o) be the third derivative of 1/20*o**5 + 0 + 0*o + 18*o**2 - 1/12*o**4 - 1/3*o**3. Determine p(3).
19
Suppose -20 + 8 = 3*r. Let j be r - 25/2*(-16)/10. Suppose -9*p - 25 = -j. Let o(m) = -12*m + 1. Determine o(p).
13
Let l = -1 + 6. Let d(j) = -j**3 + 9*j**2 - 3*j - 11. Let z be d(7). Let k(t) = -5 - 196*t + 67*t + z*t + 64*t. Give k(l).
0
Suppose -152 = 54*t - 188*t + 652. Let v(j) = 2*j**3 - 9*j**2 - j + 11. Determine v(t).
113
Let n(y) = y**3 + 24 - 7 + 2*y - 9*y**2 + 7*y - 50. Give n(8).
-25
Suppose 2*s - 12 = -4, 1592 = 4*x - 5*s. Let l(h) = -5*h**2 - 3*h + 812 - 405 - x + h**3. Calculate l(5).
-11
Suppose 3*l + 4*r - 602 = 586, -2*l = 4*r - 788. Let c be (-7)/(-2)*l/(-140) - 4. Let a(p) = -p**2 - 12*p + 21. What is a(c)?
-7
Let w(b) = -b**2 + 2*b - 2. Suppose -r